. Suppose -f = 3*f + 3*a - i, -5*a + 270 = 5*f. What are the prime factors of f?
53
Suppose -c + 2*c = 343. Suppose -f - c = -5*g - 0*f, -5*g - f + 347 = 0. List the prime factors of g.
3, 23
Suppose 3*a = 3*z + 4*a - 2379, -4*z - 3*a + 3172 = 0. List the prime factors of z.
13, 61
Let h(c) be the first derivative of -5*c**2 - 13*c + 99. Let k(b) = b**2 - 5*b - 2. Let t be k(4). List the prime factors of h(t).
47
Suppose 0 = -v + g + 5, 5*g = 4*v - 26 + 1. Let t(z) = -z**3 + 2*z**2 + z + 61. What are the prime factors of t(v)?
61
Let q = -12 - 5. Let i = 18 + q. What are the prime factors of 34/i*(2 - 1)?
2, 17
Let q = 13 + -23. Let a be (-504)/60 - 4/q. Let c = a - -67. List the prime factors of c.
59
Let r = 275 - 57. What are the prime factors of r?
2, 109
Let v = 519 - 280. List the prime factors of v.
239
Let p = 2066 + 1317. What are the prime factors of p?
17, 199
Suppose 5*z + y - 741 = 0, 2*y + 96 = z - 50. Suppose 11*a - 13*a = -z. What are the prime factors of a?
2, 37
Let o(z) = z**3 + 9*z**2 - 5*z + 10. Suppose 2*b - 5 = -2*s - 13, s = -2*b. List the prime factors of o(s).
2, 3, 19
Let t = 1962 + -1357. List the prime factors of t.
5, 11
Let v be (-7)/(-2) - 5/(-10). Let r(h) = -17*h + v*h + 2*h**2 - 4*h**2. List the prime factors of r(-6).
2, 3
Let s(m) = m**3 + m**2 - 2*m - 2. Let z(x) = -2*x**2 - 4*x - 2. Let p be z(-2). Let y be s(p). What are the prime factors of 0/y - (-4 + -17)?
3, 7
Suppose -2*n + 60 = 3*n. Suppose 0 = 5*g - g - n. Suppose g*y - 32 = y. List the prime factors of y.
2
Let z be 11 + 2 + (-4)/2. Let w = 14 - z. Suppose 0 = -4*h + 3*k - k + 186, -w*k = -h + 59. List the prime factors of h.
2, 11
Suppose -22 = -d + 8. Suppose -3*z - 3*z = -d. Suppose 0 = z*u - 2*r - 345, 0 = 3*u - 0*u + 5*r - 207. List the prime factors of u.
3, 23
Suppose 770 = 2*o + 2*d, -5*o + 767 = -3*o + d. List the prime factors of o.
2, 191
Let x(z) be the first derivative of -11*z**2/2 + 6*z + 13. What are the prime factors of x(-9)?
3, 5, 7
Suppose -3*b + 4*b + 1 = 0, 2*y = 4*b + 970. What are the prime factors of y?
3, 7, 23
Let m(i) = 129*i**2 - 40*i + 7. List the prime factors of m(4).
3, 7, 13
Let f = 11 + -18. Let b(o) = -18*o - 5. What are the prime factors of b(f)?
11
Suppose 7*r = 4134 + 948. What are the prime factors of r?
2, 3, 11
Suppose -q = 3*p + 22, 4*q = 4*p - 22 - 34. Let r(j) = 2*j**2 - 21*j + 3. Let k be r(9). Let z = q - k. What are the prime factors of z?
2
Let c be (-4 - 86)*5/((-5)/2). Suppose -t + c = t. What are the prime factors of t?
2, 3, 5
Let p be ((-1080)/25)/(2/60). List the prime factors of (-4)/(-14) + p/(-21).
2, 31
Suppose -89 = 2*u + 5*i, u + 18 = i - 9. Let d = 10 - u. What are the prime factors of d?
2, 3, 7
Suppose 0 = -200*m + 130*m + 339360. List the prime factors of m.
2, 3, 101
Suppose -z - 3*p + 389 = -0*z, 3*p + 1511 = 4*z. List the prime factors of 2*(3 - z/(-8)).
101
Let z(k) = k - 6. Let r be z(8). Let g(u) = -u**3 - 2 - 4*u + 11*u**2 + 5*u**r - 6*u**2. What are the prime factors of g(9)?
43
Let s be 0*(-1)/2 + 40. Let p = s - -46. What are the prime factors of p?
2, 43
Let h be (-4 - -1)*(0 + 1). Let g = h - -6. Suppose -g*m - 38 = -5*m. List the prime factors of m.
19
Let r = -4619 - -8385. What are the prime factors of r?
2, 7, 269
Let a(p) = 2*p**3 - 57*p**2 - 76*p + 4. List the prime factors of a(31).
11, 223
Suppose 5*r = -2*z + 50, -4*z = 2*r + 3*r - 60. Suppose -3*m + 30 = 4*l - r*l, 30 = 3*m - 3*l. List the prime factors of m.
2, 5
Let d(l) = l**2 - 2*l - 28. List the prime factors of d(-15).
227
Let w(f) = -f - 1. Let n(c) = c**2 - c - 5. Let i(j) = n(j) - 4*w(j). Let o be (1 + 0)/(3/18). List the prime factors of i(o).
53
Suppose 4*y = -4*q + 308, -q + 237 = 3*y - 0*q. Let b be (60/y)/((-2)/(-96)). Suppose 0 = -8*o + 44 + b. What are the prime factors of o?
2, 5
Let q be 1 - (2/(-2) - (-14 + 4)). Let d(n) = n**3 + 8*n**2 - 12*n - 12. What are the prime factors of d(q)?
2, 3, 7
Let g(k) be the third derivative of k**5/12 - 5*k**4/24 - 5*k**3/2 - 25*k**2. What are the prime factors of g(-6)?
3, 5, 13
Let u(y) = -y**3 - 10*y**2 + y + 7. Let w be u(-10). Let n = -2 + w. Let v = n + 24. List the prime factors of v.
19
Suppose 0 = -5*d - 4*w + 2151, d = 37*w - 39*w + 429. List the prime factors of d.
431
Let x(u) = -u**3 - 6*u**2 + 8*u + 13. Let c be x(-7). What are the prime factors of (c - 248)*2/(-4)?
11
Let l be 1 - (12 - (-5 + 6)). List the prime factors of (-2)/l - 6196/(-20).
2, 5, 31
Let p(b) = -b**3 + 12*b**2 + 12*b + 34. List the prime factors of p(-6).
2, 5, 61
Let b = -23 + 25. List the prime factors of 3*2/b + (3 - -12).
2, 3
Suppose 4*y - 3*y - 2*c + 7 = 0, 3*c - 7 = y. Let q = y + 9. Suppose -q*z - 14 = -4*z. List the prime factors of z.
7
Suppose 4*f + b = 9*f - 8311, 5*f = -5*b + 8305. What are the prime factors of f?
2, 3, 277
Let c = -1610 + 3220. List the prime factors of c.
2, 5, 7, 23
Let x be 7*(-2)/(-7) + -1. What are the prime factors of ((-6)/(-2))/(x/57)?
3, 19
Suppose -41 = -2*i - 43. List the prime factors of ((-69)/12)/(i/8).
2, 23
Suppose -1 - 15 = -4*l. Suppose 9 = l*p + 1. Suppose -3*k = -v - p*v + 24, v = 3*k + 16. List the prime factors of v.
2
Let a = 10817 - 6772. What are the prime factors of a?
5, 809
Let q = 9 - -50. Let p = 137 + q. List the prime factors of p.
2, 7
Let c be (-33)/(-6) - (-3)/(-6). Suppose -c*n + 6*n = -15. Let p = 11 - n. List the prime factors of p.
2, 13
Let t be 2 + 3 + 4/(-4). Suppose 4*f = -4*s + 12, 0*f + t = 4*f. Let m = s - -1. List the prime factors of m.
3
Let p = 2558 - 1302. List the prime factors of p.
2, 157
Suppose 2*b = 5*t - 17, 3*b - b = -2*t + 4. Suppose 4*d = t*d + 72. What are the prime factors of d?
2, 3
Let q be -4 - (-4 - -1) - -16. Suppose 1 = 4*m - g - 2, 0 = -5*g - q. Suppose 15 = 5*l, m*l + 2*l + 18 = 4*y. List the prime factors of y.
2, 3
Let n(j) = -j**3 + 2*j**2 - 9*j + 26. List the prime factors of n(-10).
2, 7, 47
Let j be 4 - (-3 + 3 + 1). Suppose -5*l + 7 = 3*r - j, 5*l + r - 20 = 0. Suppose -u - 4*h + 33 + 21 = 0, 2*u + l*h - 96 = 0. What are the prime factors of u?
2, 19
Suppose 4*a - 3*a + 5*v + 5 = 0, 2*v - 6 = -2*a. Suppose -a*u + 7 + 8 = 0. Suppose 2*x + 8 = u*x. What are the prime factors of x?
2
What are the prime factors of -2*(-6)/8*80080/132?
2, 5, 7, 13
Let l(w) be the first derivative of w**3/3 - w - 1. Let s(r) = -5*r**2 - 3*r + 10. Let f(y) = -4*l(y) - s(y). List the prime factors of f(4).
2, 11
Let m be -2 - (6 + (-6)/3). Let j = m - -73. What are the prime factors of j?
67
List the prime factors of 555/(-10)*11/(22/(-24)).
2, 3, 37
Suppose 4*z - 3*z = -4*z. Suppose 6*u - 210 = -z*u. List the prime factors of u.
5, 7
Let v = -5 - 14. Let l = v - -28. What are the prime factors of l?
3
Let i(v) = v**2 + 32*v + 178. List the prime factors of i(-42).
2, 13, 23
Suppose 3*t - 4*w = 8*t - 4405, 3*t - 4*w = 2643. What are the prime factors of t?
881
Let u(c) = -c**3 + 4*c - 1. Let y be u(2). Let t be (-138)/(-42) + (-4)/14. What are the prime factors of (41 - y)*t/6?
3, 7
Let m be (2 - -2) + -3 + -46 + 0. Let s = 76 + m. What are the prime factors of s?
31
Suppose 12*m = 13*m - 81. Let a = m - 3. List the prime factors of a.
2, 3, 13
Let k(g) = -5*g**3 - 6*g**2 - 3*g - 6. What are the prime factors of k(-4)?
2, 5, 23
Suppose 6708 = 13*j - 0*j. What are the prime factors of j?
2, 3, 43
Suppose -5*u = -34 + 14. Suppose -h = -2*g + 28, -4*g + u*h - 68 = -8*g. Suppose 3*c = -2*c + g. List the prime factors of c.
3
Let q be 32 + 3 + -4 + -1. Let m = q + -28. Suppose 0 = -m*s + 5*l + 145, 5*s + 2*l - 176 = 201. List the prime factors of s.
3, 5
Suppose 8*x - 6*x = 8. Suppose q + x*q = 675. Suppose -d + 85 = -5*p, -2*d + p = -2*p - q. What are the prime factors of d?
2, 3, 5
Suppose -6*j + 16 = -4*j. Let s = -1 + j. What are the prime factors of s?
7
Suppose 2*k + 5*b = 5*k - 13841, 5*b = -5*k + 23135. What are the prime factors of k?
2, 2311
Suppose 4*x - 20 = -0*x, 0 = -3*o + 5*x + 65. Suppose -108 - o = -3*w. What are the prime factors of w?
2, 23
Let z be 3980/25 - (-2)/(-10). Suppose -i = -5*w + i + z, -3*w = i - 91. Suppose -2*c - 2*y + w = -c, -5*y = -3*c + 38. List the prime factors of c.
3, 7
Suppose -2*p = -2, -2*k - 3*p + 2719 = 2*k. List the prime factors of k.
7, 97
Supp